3*r**2 - 3*r - 1. Is z(q) prime?
False
Let m = 5 + 0. Suppose -m = -4*v + 23. Is v a composite number?
False
Let b(g) = g**3 - 3*g + 3. Let k be b(2). Let n(z) = 13*z**2 - 7*z + 6. Let h be n(k). Suppose 2*o = -2*o + h. Is o a prime number?
False
Let l be (-2)/3*3/2. Let h(u) = -14*u + 1. Is h(l) a composite number?
True
Is 17/(-34) + (-537)/(-6) a composite number?
False
Let c(s) = s**3 - 10*s**2 + 7*s + 7. Is c(10) a composite number?
True
Let q = 3047 + -262. Is q composite?
True
Suppose -6*d + 2*d = -24. Suppose d*w = 2*w + 308. Is w prime?
False
Let j = -30 + 571. Is j a prime number?
True
Is 5/20 - 11455/(-20) prime?
False
Suppose -3*s - s = v - 359, -2*s + 5*v + 207 = 0. Is s a prime number?
False
Suppose 0*z - 2*l = -2*z + 30, 0 = 5*z + 4*l - 102. Is (-4)/z - (-1600)/72 a composite number?
True
Let j = -107 + 166. Is j a composite number?
False
Suppose -p = -6 + 4. Suppose 0 = p*i + 4*i - 5442. Is i prime?
True
Let l(d) = -d**3 - 6*d**2 + 2*d + 8. Let y be l(-6). Let f be (y/6)/(2/6). Is 1/f - (-71)/2 a composite number?
True
Let m(v) = v**2 - 2*v - 4. Let z be m(4). Let i(c) = c**3 - c + 1. Let t(b) = -3*b**3 + b**2 + 3*b - 3. Let n(d) = 4*i(d) + t(d). Is n(z) a prime number?
False
Let j(z) be the second derivative of -z**5/20 + 53*z**2/2 + z. Let u be j(0). Suppose s - 2*s + u = 0. Is s prime?
True
Let g(z) be the first derivative of 2*z**3 + 3*z**2/2 + z - 1. Let t be g(-5). Suppose 5*u + 3*c - 70 - 89 = 0, -4*u + 2*c + t = 0. Is u composite?
True
Let f = 3049 - 1110. Is f a prime number?
False
Let t be 1 - 3 - -5*1. Let y = t - -11. Is y a composite number?
True
Let u(b) = 50*b**2 + 6*b - 10. Is u(3) prime?
False
Suppose 1023 = 5*s + 4*l, 2*s - 270 = 3*l + 130. Let m = 622 - s. Is m a composite number?
False
Let h = 106 - -71. Suppose h = -n + 4*n. Is n a prime number?
True
Let q = 6694 + -2885. Is q prime?
False
Let s = 949 - 349. Suppose -2*j = -7*j + s. Suppose 3*v - 90 = -5*q, 0*v + 5*q = 3*v - j. Is v composite?
True
Let h(d) = 24*d + 7. Let p(u) = -u + 10. Let t be p(5). Is h(t) prime?
True
Let j = -792 + 1425. Is j prime?
False
Suppose 4*n + 4*d + 4 = 0, 4*n - 2*n + 3*d + 5 = 0. Is 740/16 + n/(-8) a composite number?
True
Let w(c) = 5*c**3 + 3*c**2 - 3*c + 1. Let x be w(2). Suppose x = 3*t - 2*p, -2*t = -0*t + 5*p - 63. Is t a prime number?
True
Let u be 3 + 1 + 0 + 0. Suppose u*h = t + h - 13, 2*t = 5*h + 23. Suppose -z = 3*c - t, -5*c = 20 + 5. Is z prime?
True
Let o(a) = -3*a - 10. Let h be o(-8). Let z(i) = -h*i**3 - 3*i + 11*i**3 - 29*i**3 - 1 + i. Is z(-1) prime?
False
Let z = 11 - 6. Let k(a) = 5*a**2 - 3*a - 3. Let g be k(-2). Suppose 0 = z*w + 2*i - 69, -5*i + g = 5*w - 37. Is w a prime number?
False
Let j(q) be the first derivative of -q**3/3 + 15*q**2/2 - 6*q - 4. Is j(11) composite?
True
Suppose 3*w - 3*r - 525 = 0, -5*w = r - 5*r - 879. Is w a composite number?
False
Let h(d) = -d**3 + 5*d**2 - 2*d - 7. Let l be h(3). Let o(q) = q**3 + 4*q - 2. Is o(l) a prime number?
False
Let f = -16 + 7. Let z = -7 - f. Let p(n) = 8*n**2 + 2*n + 1. Is p(z) composite?
False
Suppose 2*f - 4*f + 6186 = 2*z, -5*z - 3*f + 15457 = 0. Is z composite?
False
Let q be 16356/27 + (-2)/(-9). Let a = q - 421. Is a prime?
False
Let a(r) = -11*r**3 + 2*r**2 + 3*r - 3. Let v be a(3). Suppose 5*n = 14 - 59. Is v/n + (-4)/(-6) prime?
True
Suppose 2*y + 0*y - 202 = 0. Suppose -2*a + s + y = -11, 3*a - 5*s - 175 = 0. Is a a composite number?
True
Suppose 5*l + 4*y = -46, -2*l - 13 = 5*y + 2. Let j be 6 + 5/(l/6). Is 122 + (-6 - (-9)/j) a prime number?
False
Let u = -30 + 44. Let s = 25 - u. Is s prime?
True
Is (-54354)/(-10) + 2/(-5) prime?
False
Let s(m) = -m**3 + 7*m**2 + 11*m - 2. Let o be s(8). Suppose o = 4*z + 6. Is z a composite number?
True
Suppose -3 + 11 = 5*z - 2*r, 2*z + 2*r = 6. Let v(n) = -1 - n**z - 2 - 2 - 11*n. Is v(-4) composite?
False
Let g(i) = -i - 2. Let b be g(0). Is 3/b*26/(-3) composite?
False
Let o(w) = -9*w**3 + 12*w + 4. Is o(-5) a prime number?
True
Suppose b = 5*b - 36. Is b composite?
True
Suppose 3*t - 390 = -5*b - t, 2*b - t - 143 = 0. Let j = -51 + b. Is j prime?
True
Is (-246)/(-12) + (-9)/6 a composite number?
False
Is 0 + 0/(-1) - 877*-1 prime?
True
Let n = -122 + 288. Is n a prime number?
False
Suppose -2*u - 2*u + 4 = 0. Is -5*(4*-1 - u) a prime number?
False
Suppose -4*m + 1508 = -4*r, -2*m = m + 4*r - 1145. Is m a composite number?
False
Suppose 5*s + 72 = 7*s. Suppose -q = 2*g - 22, -4*q + 3*q + s = -5*g. Is q composite?
True
Let j(h) = 84*h**3 + h**2 - h + 1. Suppose m + 2 = -w, 5*w - 19 = w + 5*m. Is j(w) a prime number?
False
Let j = 5 + -4. Let z = 1 - -1. Is 1*(z + 48) - j a composite number?
True
Let c = 1 - 7. Let f be (15/c)/((-2)/4). Suppose -3*s + 172 = 5*i, -3*i + 38 = -f*s - 72. Is i composite?
True
Let r(a) = -a + 6. Let g be r(3). Suppose 22 = l - 2*d - g, -3*d = -2*l + 49. Is l composite?
False
Let f(v) = -3 - 11*v - 5 + 2*v. Is f(-7) a prime number?
False
Is 2022/(-4)*18/(-27) a prime number?
True
Let u = 35 + -20. Let k = 25 - u. Is k a prime number?
False
Suppose 0*m + 5836 = 4*m. Is m a prime number?
True
Let w(q) = -q**2 - 1. Let z(n) = -4*n**2 + 5*n - 9. Let f(c) = 3*w(c) - z(c). Let i be f(6). Let u = i + 21. Is u a composite number?
True
Let a(t) be the second derivative of -t**3/3 - 9*t**2/2 + 2*t. Let w be a(-7). Suppose 395 = -0*x + w*x. Is x prime?
True
Suppose 4*m - 5*p - 1 = 8, 5*p = -4*m - 1. Let s be -1*(1 + -1)*m. Suppose n - 16 = -3*r, s = -n - 3*r - r + 17. Is n a prime number?
True
Let b = -2625 - -4989. Suppose 6*h - 2*h = b. Is h composite?
True
Suppose 0 = -14*j - 6*j + 10580. Is j composite?
True
Suppose 0 = o - 4, -3*o + 762 = -4*p + 13226. Is p prime?
True
Suppose 0 = -3*h - 5*n + 11, 3*h - 12 + 3 = -3*n. Suppose h*c - 4*c + 42 = 0. Suppose 2*m = 5*m - c. Is m prime?
True
Let d = -1 - 5. Let n(x) = -x**3 - 5*x**2 + 3*x - 6. Let y be n(d). Is (-1)/3*y/(-2) composite?
False
Let r = 10 - -2. Is 25/(-2)*r/(-10) a prime number?
False
Is (-126)/(-10) + 4/10 prime?
True
Let b = 260 - 11. Is b composite?
True
Let t(k) = 4*k**3 + k**2. Let o be t(1). Suppose -2 + 67 = o*p. Let m = p + 69. Is m a composite number?
True
Suppose 3*n - 366 = 2*z - 9, 4*z = 12. Is n a prime number?
False
Let b = 15 + -9. Let c be (b/(-9))/(2/3). Is (-6 - c) + 3 + 5 composite?
False
Let t be 8/5 + 8/20. Let v(k) = k + 7. Let y be v(-5). Suppose -d - m = y*d - 10, t*m = 2. Is d a composite number?
False
Let n(v) = v**3 + 9*v**2 + 8*v + 7. Let m be 2/(-4) - 6/(-12). Suppose m = -5*y - 8 - 27. Is n(y) a composite number?
True
Suppose -3*b - 41 = -323. Let a = 3 - 3. Suppose a = -w + b + 27. Is w composite?
True
Suppose -2*p = p - 3, -5*a + 4*p = -9501. Is a composite?
False
Suppose 0 = 4*a - 4, 0 = -5*i - 2*a + 7*a + 10. Let w be 656/2 + i + -1. Let m = -181 + w. Is m prime?
True
Let n = 3242 + -1983. Is n a composite number?
False
Suppose o = -3*o. Suppose -b + 4 = 5*u, o*b = b - 2*u - 18. Is b prime?
False
Let o = 10 - 4. Let b(d) = -d**3 + 6*d**2 + 7*d + 4. Let m be b(o). Let y = m + -27. Is y a prime number?
True
Let f = 26 - 45. Let d be (-16)/(-4)*f/(-4). Let n = -10 + d. Is n prime?
False
Let o be (-3 + 13)*(0 - -30). Suppose -c = 3*c - o. Suppose 2*p = -q + c, -4*q + 3*p = 57 - 368. Is q a composite number?
True
Let u be 3/9 - 5/(-3). Suppose 0 = -3*v + b + 559, 0 = -u*v + b + b + 378. Is v a composite number?
True
Let i be 1*(-2 + 0) + -12. Let b(d) = -13*d - 3. Is b(i) a prime number?
True
Let p = 66 + -14. Let s be (-4)/(-2)*(1 + 0). Suppose 0 = -s*f + p - 10. Is f prime?
False
Suppose 9 = 5*f - 4*q + 3*q, -5*f = -2*q - 13. Is -121*(3 + (-3 - f)) composite?
True
Let x = -6 - -1. Let b(n) = -n**3 - 6*n**2 - 6*n + 2. Is b(x) prime?
True
Let q be ((-3)/(-4))/((-3)/(-12)). Suppose -q*w + 34 = -2*w. Let f = 3 + w. Is f a composite number?
False
Let f = -341 - -552. Is f a composite number?
False
Let t = 67 + 358. Suppose -4*j + t = j. Is j composite?
True
Is ((-660)/18)/((-2)/3 + 0) a prime number?
False
Let l = -2 + 3. Is l/4 - 369/(-12) a prime number?
True
Let n(f) be the third derivative of f**4/24 + f**3 + f**2. Let g be n(0). Suppose g*q = 2*q + 124. Is q a composite number?
False
Let m be ((-2)/(-8)*0)/1. Suppose m*g - 4*g + 220 = 0. Is g composite?
True
Suppose 0 = -0*i - i + 503